t is the tens digit of f?
1
Let h(x) = 52*x + 20. What is the tens digit of h(2)?
2
Let g(l) be the first derivative of -l**4/4 + 4*l**3/3 + 5*l**2/2 + 5*l + 2. What is the units digit of g(5)?
5
Let h = 36 - 55. Let p be -3 + (-64)/10 - 4/(-10). Let g = p - h. What is the tens digit of g?
1
Let o be (-9)/2*(-16)/6. Let l(k) = -k**2 + 14*k - 17. What is the units digit of l(o)?
7
Let x(t) = -t**2 - 7*t + 2. Let i be x(-5). What is the units digit of 18/8 + 9/i?
3
Let l(d) = d**2 - d. Let h be l(-2). Suppose -48 = 2*x + h. Let r = -16 - x. What is the tens digit of r?
1
Let i(v) = 13*v**2 - 1. Suppose -18 = 2*d - 5*m, 5*d + m = -25 + 7. Let j = d + 3. What is the units digit of i(j)?
2
Let y = -134 - -220. Let r = y + -36. What is the units digit of (-4)/(-18) + r/18?
3
Let h = -7 + 4. What is the units digit of (40/12)/(h/(-9))?
0
Suppose 0*k = 3*a - 4*k - 9, -12 = 4*k. Let g = a + -5. What is the tens digit of 44/g*15/(-10)?
1
Suppose -6*w = -10*w - 40. Let n = w - 0. Let q = 5 - n. What is the tens digit of q?
1
Suppose 3*y + 6 = 5*y + 4*w, -4*w - 9 = -3*y. Let l(r) = r + 9*r**3 + 1 - r + y*r**2 - 5*r**2. What is the units digit of l(1)?
8
Let b(j) = -j - 1. Let m be b(-1). Suppose -27 = -6*t + 3. Let z = m + t. What is the units digit of z?
5
Let b(i) = -2*i - 3. Let m be b(-4). Suppose 5 = z - 5*x - 3, z - 2*x = m. What is the units digit of (-6)/(-4)*4/z?
2
Let t(l) = -28*l - 62. What is the units digit of t(-8)?
2
Suppose 5*n + 5*q = 3*n + 31, -3*n - 4*q = -29. Let j be (62/(-3))/((-2)/n). Suppose 4*i - j + 3 = -3*f, 2*f + 5*i - 14 = 0. What is the units digit of f?
2
Let g(b) = 6*b + 1. Let n be g(-1). Let s be (3 + 2)*(-6)/n. Suppose -s*v + 20 = -v. What is the units digit of v?
4
Suppose 0*d - d - 8 = -v, -5*d - v - 22 = 0. Let t(g) = g**3 + 6*g**2 + 10. What is the tens digit of t(d)?
3
What is the units digit of 15/(-6)*(5 - 21)?
0
Suppose t + 7 = 10. Suppose -3*x - 29 = -t*k - 5, 0 = 3*k + 2*x - 39. What is the units digit of k?
1
Let k be -1 + (2 - (4 + -3)). Suppose k*m = m - 16. What is the units digit of m?
6
Let v = -1 - -3. Let r = v - 2. Suppose -p - p + 28 = r. What is the units digit of p?
4
Let f = 18 + -8. Suppose 3*j - 11 = f. What is the units digit of j?
7
Let a(u) = u**2 - 6*u - 1 - 3 + 1. Let l be a(7). Suppose 4*m = l*c + 24, -29 = -5*m - 4*c + 8*c. What is the units digit of m?
5
Suppose 4*v - 40 - 4 = 0. What is the tens digit of v?
1
Let m(k) = -6*k**2 + 5*k + 3. Let i(u) = 1 + 5*u**2 - 3*u - 2*u + 0 - 3. Let f(c) = -7*i(c) - 6*m(c). What is the units digit of f(-7)?
0
Let m be 24/15 + (-2)/(-5). Let o = m - -2. Suppose -o*u + 0*u = -k - 10, -u + 13 = 5*k. What is the units digit of u?
3
Let u(j) = j**3 - 5*j**2 + 5*j. Let c be u(4). Let r(i) = -i**2 + 7*i - 4. What is the units digit of r(c)?
8
Suppose 3*v = -4*f + 115, 2*v + f - 3*f = 58. Let b = -20 + v. What is the tens digit of b?
1
Let z = -16 - -11. Let b be ((z - -3) + 0)/2. What is the units digit of -4 + 6 - (-8 - b)?
9
Suppose -2*c + 10 = 0, -3*a + 4*c + 49 = -0*c. What is the units digit of a?
3
Suppose -4 = -7*q + 3*q. What is the units digit of (-54)/(-4) - q/2?
3
Let y = 44 + -26. What is the tens digit of y?
1
What is the units digit of (-143)/(-39)*(1 + 2)?
1
Let x(p) = p - 7. Let h be x(9). Suppose 2*d + d = -5*z + 28, -h*z - 20 = -4*d. What is the units digit of d?
6
Let h be -3 + 1 + 1*20. Suppose 4*d + 6 - h = 0. Let b(v) = v**2 - v + 1. What is the units digit of b(d)?
7
Suppose -11*x = -5*x - 738. What is the tens digit of x?
2
Suppose -b = -5*r + 92, 0 = -r - 4*r - 20. What is the units digit of 2/(-3) - b/24?
4
Suppose -27 = -4*c - 7. Suppose 2*v - 1 - c = 0. Let t(l) = l + 4. What is the units digit of t(v)?
7
Let i(h) = -4*h + 5. Let k(w) = 5*w + 1. Let r be k(-1). Let a be i(r). Suppose p = 4*p - a. What is the units digit of p?
7
Let q(t) be the first derivative of t**2/2 - 3*t - 1. Let y be q(7). Suppose 2*z + 30 = 5*z + 3*w, y = w. What is the units digit of z?
6
Suppose 3*n + 15 = -4*l, 0 = l - n - 4 - 1. Let q = l - -5. What is the units digit of q?
5
Let k(m) be the third derivative of -1/6*m**3 + 2*m**2 + 5/24*m**4 + 0 + 0*m. What is the units digit of k(1)?
4
Let l(c) = c**3 - 8 + 0*c**3 + 11. What is the units digit of l(3)?
0
Let z(m) = m**3 - 3*m**2 - 4*m + 4. Let n be z(3). What is the units digit of 0/n + 1/1?
1
Suppose 22*i = 23*i - 145. What is the units digit of i?
5
Suppose -4*b = 3*w - 0 + 20, 4*b + 20 = -2*w. Let t = 11 + w. Suppose 5*x - 19 - t = 0. What is the units digit of x?
6
Suppose -d - 2*h - 142 = 3*d, 2*d = 2*h - 56. Let q = -23 - d. What is the units digit of q?
0
Suppose -3*z + 2*z + 189 = 5*c, -5*c + 4*z + 194 = 0. What is the units digit of c?
8
Let b be 26/(-2)*3/3. Let r = b - -20. What is the units digit of r?
7
Let j be 4/14 + (-60)/14. What is the tens digit of 268/20 + j/10?
1
Let n(t) = t**2 - 4*t - 9. Let x = -20 + 28. Let y be n(x). Let i = 44 - y. What is the units digit of i?
1
Let x = 11 - 17. What is the units digit of (9/x)/((-3)/28)?
4
Let o(j) be the first derivative of -9*j**4/4 - j - 6. What is the units digit of o(-1)?
8
Suppose 4 - 85 = -3*j. What is the units digit of (-122)/(-18) + 6/j?
7
Let r be (-2)/(6/8 - 1). Let m(d) = d - 4 + 4. What is the units digit of m(r)?
8
Let h(s) = 11*s**2 - 2*s - 1. What is the units digit of h(-1)?
2
Suppose -2*n - 10 = -4*v, -3*v - v = 3*n - 15. Suppose v*t = -3*b - 0*t + 96, -4*t + 8 = 0. What is the units digit of b?
0
Let n(a) = -3*a - 4. Let j(q) = q**2 - 9*q - 11. Let r(g) = 6*j(g) - 17*n(g). What is the units digit of r(2)?
0
Let f(x) = -27*x - 7. What is the tens digit of f(-3)?
7
Let u = -13 - -6. Let f be (1/7 + -1)*u. Suppose 3*a - 2*j + f = 23, 4*a + 4*j + 4 = 0. What is the units digit of a?
3
Let i(z) = 3*z**2 + 17. What is the units digit of i(7)?
4
Suppose 5 = 2*z - 17. Let w = z + -3. What is the units digit of w?
8
What is the units digit of 65/25 + -3 + 1692/5?
8
Suppose -4*p - 4 = -5*p. Suppose 2*d + 5*z - 15 = -3, 0 = 2*z. Suppose p = 5*l - d. What is the units digit of l?
2
Suppose -2*q + 7 = -11. Suppose 0 = -2*j + q + 5. What is the units digit of j?
7
Suppose -4*w + 39 = -21. Suppose 37 = 3*q - 2*y, 2*y + w = 2*q - 13. Let a = q - 8. What is the units digit of a?
1
Let d = 32 - -122. What is the units digit of d?
4
Suppose -3*g + 737 + 506 = -5*i, 0 = -2*i - 10. What is the hundreds digit of g?
4
What is the tens digit of (0 - (-14)/(-8))/((-7)/532)?
3
Let o(v) = -v**2 - 8*v - 8. Let z be o(-6). Let s(l) = -l**2 + l - 1. Let n be s(0). Let j = n + z. What is the units digit of j?
3
Let s be 0/((-3)/(-6)*2). Let i = s + 7. What is the units digit of i?
7
What is the units digit of 6/(-15) + 1228/20?
1
Let v be (-26)/(-6) - (-1)/(-3). Suppose -4*h - q + 16 = -31, 0 = -2*h - v*q + 34. What is the tens digit of h?
1
Suppose 5*w - 4 = 4*w. Let r = -7 - -9. Suppose -r*q - 2*q = -w*a - 20, -1 = q - 4*a. What is the units digit of q?
7
Let d = -30 - -84. What is the tens digit of d?
5
Suppose 0 = b - 4, 0 = -3*l + 3*b - 7*b + 19. Let v be l/(0 + -1) - -1. Suppose -4*o + 0*o = -2*t, -4*o + t + 2 = v. What is the units digit of o?
1
Suppose -20 = -p + 14. What is the units digit of p?
4
Suppose 0*o = o - 5. Suppose -i = -0*i - 3*w + 18, o*w - 38 = 3*i. What is the tens digit of ((-16)/i)/(4/18)?
1
Suppose 4*m = m - 5*j + 11, -3*m + 3*j = -3. What is the units digit of 6/(-1 - (m - 4))?
6
Let v be (70/15)/((-1)/3). Let j be (-10)/25 - v/10. Suppose -2*r + j = -13. What is the units digit of r?
7
Suppose 0 = 16*m - 15*m - 55. What is the tens digit of m?
5
Suppose 4*n + 2*l = 380, -3*n - 6*l + 292 = -l. What is the tens digit of n?
9
Let w(z) = 3*z**2 + 9*z**3 - 3*z**2 + 2*z**2 - z. Let j be w(1). Let p = j - 4. What is the units digit of p?
6
Let i(u) = u - 1. Let q(o) = -o**2 + 5*o + 3. Let b be q(6). Let g(k) = -4*k - 7. Let f(l) = b*i(l) - g(l). What is the units digit of f(-6)?
4
Let i(y) = -2*y + 34. What is the units digit of i(0)?
4
Let i = -6 + 126. Suppose -50 + i = 5*p. What is the tens digit of p?
1
Let a(b) = 12*b**2 + 3*b - 3. Let k be a(2). Suppose -7*p = -4*p - k. What is the units digit of p?
7
Let t = -2 + 4. Suppose v - t*v + 11 = 0. Let y = v + -6. What is the units digit of y?
5
Let n(s) = s**2 - 2*s - 1. Let